lse
Is 98237 a composite number?
True
Is 4969 a prime number?
True
Is 584659 prime?
True
Is 1563 prime?
False
Is 6469 a composite number?
False
Is 1217 composite?
False
Is 73699 a prime number?
True
Is 134167 prime?
False
Is 108551 a prime number?
False
Is 75817 a composite number?
True
Is 670165 a prime number?
False
Is 48221 a composite number?
False
Is 363067 composite?
False
Is 1442569 a prime number?
False
Is 1544159 a composite number?
False
Is 5617 composite?
True
Is 762599 a composite number?
False
Is 304401 a prime number?
False
Is 34667 prime?
True
Is 1509 composite?
True
Is 32605 a composite number?
True
Is 282089 prime?
True
Is 184231 a composite number?
False
Is 2567519 prime?
True
Is 2909837 a composite number?
True
Is 21001 prime?
True
Is 24689 prime?
False
Is 124233 a prime number?
False
Is 67909 a prime number?
False
Is 255965 prime?
False
Is 23269 a prime number?
True
Is 8741 a prime number?
True
Is 68038 composite?
True
Is 373291 prime?
True
Is 2862619 a composite number?
True
Is 33827 a composite number?
False
Is 3256471 prime?
True
Is 1363 a prime number?
False
Is 7907 prime?
True
Is 8285 a prime number?
False
Is 130903 composite?
True
Is 1897167 composite?
True
Is 469457 prime?
True
Is 5099 prime?
True
Is 183151 a composite number?
False
Is 15679 composite?
False
Is 143549 a composite number?
True
Is 2789 a prime number?
True
Is 378439 prime?
True
Is 738799 a prime number?
False
Is 51151 prime?
True
Is 77797 prime?
True
Is 195361 a composite number?
True
Is 63097 a prime number?
True
Is 6541 a composite number?
True
Is 105409 prime?
False
Is 693809 composite?
False
Is 238531 prime?
True
Is 6458 a composite number?
True
Is 14719 composite?
True
Is 48743 prime?
False
Is 5141 composite?
True
Is 39517 composite?
True
Is 226067 prime?
False
Is 696139 a composite number?
True
Is 28019 composite?
False
Is 17323 a composite number?
True
Is 9587 prime?
True
Is 5507 prime?
True
Is 24403 composite?
True
Is 317665 composite?
True
Is 269063 a prime number?
True
Is 54551 composite?
True
Is 35954 a composite number?
True
Is 15601 a composite number?
False
Is 456949 a composite number?
False
Is 21005 a composite number?
True
Is 105319 a prime number?
True
Is 34981 composite?
False
Is 28493 a prime number?
True
Is 47181 prime?
False
Is 598909 a composite number?
True
Is 6953 composite?
True
Is 22123 a composite number?
False
Is 160723 a prime number?
True
Is 19777 composite?
False
Is 8923 composite?
False
Is 172394 prime?
False
Is 296909 a composite number?
False
Is 1027097 prime?
True
Is 288907 a composite number?
False
Is 5349371 composite?
False
Is 11801 a prime number?
True
Is 354559 prime?
False
Is 188098 composite?
True
Is 178361 a prime number?
True
Is 106819 composite?
True
Is 488051 prime?
True
Is 21963 prime?
False
Is 828379 prime?
True
Is 54761 prime?
False
Is 62765 a prime number?
False
Is 227301 a prime number?
False
Is 8501 prime?
True
Is 23741 prime?
True
Is 5191 a composite number?
True
Is 3143 composite?
True
Is 16469 a composite number?
True
Is 11521 a composite number?
True
Is 17606 prime?
False
Is 118039 prime?
False
Is 201443 a composite number?
True
Is 22969 composite?
True
Is 4790849 a composite number?
True
Is 1012829 a prime number?
True
Is 42242 a composite number?
True
Is 27611 prime?
True
Is 26237 a prime number?
True
Is 17657 prime?
True
Is 22201 composite?
True
Is 2513443 a prime number?
True
Is 1153549 prime?
False
Is 207587 prime?
False
Is 16941 a prime number?
False
Is 640891 a prime number?
True
Is 112951 prime?
True
Is 254803 prime?
True
Is 631 a prime number?
True
Is 7499 a composite number?
False
Is 838 a composite number?
True
Is 328081 a prime number?
False
Is 695627 prime?
True
Is 6179 composite?
True
Is 66587 prime?
True
Is 8287 prime?
True
Is 26135 prime?
False
Is 101219 a prime number?
False
Is 188061 a prime number?
False
Is 143729 prime?
True
Is 25841 a prime number?
True
Is 215447 a prime number?
True
Is 16977 composite?
True
Is 15359 a prime number?
True
Is 68863 composite?
False
Is 3643 a prime number?
True
Is 13541 composite?
True
Is 3569 composite?
True
Is 27143 prime?
True
Is 1859167 a prime number?
True
Is 293402 a prime number?
False
Is 206177 a prime number?
True
Is 13603 prime?
False
Is 1499 a prime number?
True
Is 23459 composite?
False
Is 9014 a prime number?
False
Is 1949 a composite number?
False
Is 35099 prime?
True
Is 44465 a composite number?
True
Is 5903 composite?
False
Is 4083 a prime number?
False
Is 247991 prime?
True
Is 1368461 composite?
False
Is 1242427 a prime number?
False
Is 17351 a composite number?
False
Is 25523 a composite number?
False
Is 227317 composite?
True
Is 2386 prime?
False
Is 17077 a composite number?
False
Is 6031 a prime number?
False
Is 2707 a composite number?
False
Is 126413 prime?
False
Is 15545 a composite number?
True
Is 4049 a prime number?
True
Is 335999 composite?
False
Is 2229719 composite?
True
Is 631 a prime number?
True
Is 1614961 composite?
False
Is 1029611 composite?
True
Is 1053997 prime?
False
Is 3821 a composite number?
False
Is 12777 a prime number?
False
Is 3067 prime?
True
Is 116789 a prime number?
True
Is 281107 a composite number?
True
Is 210817 composite?
True
Is 265367 prime?
False
Is 17059 composite?
True
Is 6899 a prime number?
True
Is 160739 a composite number?
False
Is 1499 a prime number?
True
Is 11227 a composite number?
True
Is 423209 composite?
False
Is 9998 a prime number?
False
Is 104827 prime?
True
Is 471041 composite?
False
Is 4183577 prime?
False
Is 162961 composite?
True
Is 175283 prime?
False
Is 1443461 composite?
False
Is 15529 prime?
False
Is 27503 prime?
False
Is 8513 composite?
False
Is 35797 composite?
False
Is 5055799 prime?
False
Is 22141 a composite number?
True
Is 3497 prime?
False
Is 1389623 a composite number?
False
Is 509737 composite?
False
Is 36481 a composite number?
True
Is 103123 prime?
True
Is 261959 prime?
True
Is 78461 composite?
True
Is 60013 a composite number?
False
Is 29473 composite?
False
Is 228037 a composite number?
True
Is 136841 a composite number?
False
Is 12205 a composite number?
True
Is 53849 prime?
True
Is 100001 composite?
True
Is 48731 a composite number?
False
Is 7903 composite?
True
Is 70271 prime?
True
Is 1957 a prime number?
False
Is 2355481 prime?
True
Is 468289 a prime number?
True
Is 183797 prime?
True
Is 447509 composite?
False
Is 43599 prime?
False
Is 24439 a composite number?
False
Is 15253 composite?
True
Is 6101 a prime number?
True
Is 32479 a prime number?
True
Is 4285 prime?
False
Is 88171 a prime number?
False
Is 5923 composite?
False
Is 125447 prime?
False
Is 1402 a composite number?
True
Is 476143 a composite number?
False
Is 51629 prime?
False
Is 33869 a composite number?
True
Is 148937 a prime number?
False
Is 574295 composite?
True
Is 118097 a composite number?
True
Is 333961 composite?
True
Is 23917 a composite number?
False
Is 13111 a prime number?
False
Is 10313 composite?
False
Is 27418 composite?
True
Is 1927 a prime number?
False
Is 56243 a composite number?
True
Is 164413 a prime number?
True
Is 533299 prime?
False
Is 77789 a prime number?
False
Is 56087 a prime number?
True
Is 3593 prime?
True
Is 1886537 prime?
False
Is 14951 a composite number?
False
Is 286717 composite?
True
Is 131413 a prime number?
True
Is 12763 a prime number?
True
Is 6742 composite?
True
Is 61271 a prime number?
False
Is 27095 composite?
True
Is 2279 composite?
True
Is 2489 a composite number?
True
Is 24593 a prime number?
True
Is 465385 a composite number?
True
Is 69365 a prime number?
False
Is 997169 composite?
True
Is 91859 a prime number?
False
Is 15154 a prime number?
False
Is 149921 composite?
False
Is 1207663 prime?
False
Is 13829 a composite number?
False
Is 1259 a prime number?
True
Is 48797 a prime number?
False
Is 9227 a prime number?
True
Is 13751 composite?
False
Is 1274257 prime?
False
Is 1621617 a composite number?
True
Is 247031 prime?
True
Is 3076517 composite?
True
Is 232381 a prime number?
True
Is 136691 a composite number?
False
Is 71317 prime?
True
Is 239111 a prime number?
False
Is 893 a prime number?
False
Is 180413 a composite number?
False
Is 3863 a composite number?
False
Is 4121 composite?
True
Is 561983 a composite number?
False
Is 140297 prim